{"id":3288,"date":"2020-04-23T18:03:48","date_gmt":"2020-04-23T16:03:48","guid":{"rendered":"https:\/\/oms.fr\/?page_id=3288"},"modified":"2024-12-17T10:51:25","modified_gmt":"2024-12-17T09:51:25","slug":"risqueincendie","status":"publish","type":"page","link":"https:\/\/www.oms.fr\/en\/risqueincendie\/","title":{"rendered":"Risque incendie\/Brulage des v\u00e9g\u00e9taux"},"content":{"rendered":"<p>OLD: Obligation L\u00e9gales de D\u00e9broussaillement<\/p>\n<p><a href=\"https:\/\/oms.fr\/wp-content\/uploads\/2024\/02\/DOC160224_rotated.pdf\" target=\"_blank\" rel=\"noopener\"><img loading=\"lazy\" decoding=\"async\" class=\"alignnone wp-image-140451 size-medium\" src=\"https:\/\/oms.fr\/wp-content\/uploads\/2024\/02\/DOC160224_rotated_page-0001-300x212.jpg\" alt=\"\" width=\"300\" height=\"212\" srcset=\"https:\/\/www.oms.fr\/wp-content\/uploads\/2024\/02\/DOC160224_rotated_page-0001-300x212.jpg 300w, https:\/\/www.oms.fr\/wp-content\/uploads\/2024\/02\/DOC160224_rotated_page-0001-1024x724.jpg 1024w, https:\/\/www.oms.fr\/wp-content\/uploads\/2024\/02\/DOC160224_rotated_page-0001-768x543.jpg 768w, https:\/\/www.oms.fr\/wp-content\/uploads\/2024\/02\/DOC160224_rotated_page-0001-1536x1085.jpg 1536w, https:\/\/www.oms.fr\/wp-content\/uploads\/2024\/02\/DOC160224_rotated_page-0001-1320x933.jpg 1320w, https:\/\/www.oms.fr\/wp-content\/uploads\/2024\/02\/DOC160224_rotated_page-0001.jpg 1755w\" sizes=\"auto, (max-width: 300px) 100vw, 300px\" \/><\/a><\/p>\n<p>Un risque fort pour la commune et ses habitants mais deux actions de pr\u00e9vention :<\/p>\n<p><strong>1<\/strong>&#8211; Le d\u00e9broussaillement , un acte citoyen pour la protection de tous, des habitations, des sites et de nos paysages m\u00e9diterran\u00e9ens<\/p>\n<p>voir les conditions sur le<strong> \u25ba<a href=\"https:\/\/www.prevention-incendie66.com\/\" target=\"_blank\" rel=\"noopener noreferrer\">site pr\u00e9vention-incendie66.com<\/a><\/strong> et tout ce qu&rsquo;il faut savoir sur la pr\u00e9vention des incendies dans les Pyr\u00e9n\u00e9es orientales.<\/p>\n<p><strong>2<\/strong>&#8211; La R\u00e9serve Intercommunal S\u00e9curit\u00e9 Civile (RISC).\u00a0 \u25ba<strong><a href=\"https:\/\/www.oms.fr\/en\/risc\/\">Infos RISC<\/a><\/strong><\/p>\n<p><a href=\"https:\/\/www.oms.fr\/en\/risc\/\"><strong>\u25baD\u00e9couvrir la r\u00e9serve<\/strong><\/a><\/p>\n<p>Du 1 juillet au 15 septembre\u00a0 \u25ba<strong><a href=\"https:\/\/www.prevention-incendie66.com\/\" target=\"_blank\" rel=\"noopener noreferrer\">le site pr\u00e9vention-incendie66.com<\/a><\/strong>\u00a0 est \u00e0 consulter obligatoirement pour connaitre le niveau de risque et les obligations qui incombent \u00e0 tous. Oms se situe dans la Zone Aspres:\u00a0<strong> En cas de risque exceptionnel, la circulation\u00a0 est interdite \u00e0 toute personne sur l&rsquo;ensemble des r\u00e9seaux de pistes et de sentiers (v\u00e9hicules moteur, \u00e0 pied, \u00e0 cheval ou \u00e0 v\u00e9lo)<\/strong><\/p>\n<p><a href=\"https:\/\/oms.fr\/wp-content\/uploads\/2020\/06\/panneau_circulation_massif-Aspres-2.pdf\" target=\"_blank\" rel=\"noopener noreferrer\"><strong>\u25baZone-Risque- Circulation<\/strong><\/a><\/p>\n<p><strong><a href=\"https:\/\/m.dfci-carto.fr\/\" target=\"_blank\" rel=\"noopener noreferrer\">\u25baCarroyage DFCI<\/a><\/strong><\/p>\n<ul>\n<li><em><strong>BR\u00dbLAGE DES V\u00c9G\u00c9TAUX \u00a0\u00a0 \u00a0\u00a0 <\/strong><\/em><\/li>\n<li><em><strong>\u00a0<\/strong><\/em><em><strong><a href=\"https:\/\/autorisation-brulage.fr\/fr\/login\" target=\"_blank\" rel=\"noopener\">T\u00e9l\u00e9d\u00e9claration des brulages des v\u00e9g\u00e9taux<\/a><\/strong><\/em><\/li>\n<\/ul>\n<p><em><strong>Consignes de s\u00e9curit\u00e9<\/strong><\/em><\/p>\n<p>Respect des prescriptions de chantier suivantes :<br \/>\nMise \u00e0 feu par temps calme, c&rsquo;est-\u00e0-dire, avec une vitesse maximale de vent en rafale de 40 km\/h sur le site pour le brulage de v\u00e9g\u00e9taux coup\u00e9s et de 20 km \/h pour les v\u00e9g\u00e9taux sur pied.<br \/>\nhoraires : entre 11h et 15h30 durant les mois de d\u00e9cembre, janvier et f\u00e9vrier, et entre 10 h et 16h30, les autres mois de l\u2019ann\u00e9e, pr\u00e9sence effective sur les lieux d&rsquo;au moins une personne munie d&rsquo;un t\u00e9l\u00e9phone;<br \/>\nDimensions du chantier : pour les v\u00e9g\u00e9taux coup\u00e9s, les tas \u00e0 br\u00fbler doivent \u00eatre inf\u00e9rieurs \u00e0 20 m\u00b0 et distants entre eux de plus de 50 m avec une surveillance continuelle d&rsquo;une personne au minimum par tas ;<br \/>\nAucun arbre ne doit surplomber le foyer qui doit \u00eatre entour\u00e9 d\u2019une bande incombustible de 3 m\u00e8tres de large (sol nu).<br \/>\nLe terrain environnant doit \u00eatre d\u00e9broussaill\u00e9 sur une largeur de 10 m\u00e8tres autour de la parcelle \u00e0 traiter, pour les v\u00e9g\u00e9taux sur pied, la surface \u00e0 incin\u00e9rer en une seule fois doit \u00eatre inf\u00e9rieurs \u00e0 1 hectare. Le p\u00e9rim\u00e8tre doit \u00eatre prot\u00e9g\u00e9 par une bande de s\u00e9curit\u00e9 d\u00e9broussaill\u00e9e d&rsquo;au moins 5 m\u00e8tres. Une surveillance continuelle est obligatoire avec une personne pr\u00e9sente,<br \/>\ndisposer \u00e0 proximit\u00e9 d&rsquo;une r\u00e9serve d&rsquo;eau suffisante et d&rsquo;un moyen de lutte adapt\u00e9 pour la mise en \u0153uvre de l\u2019eau d&rsquo;extinction, veiller \u00e0 ce que les fum\u00e9es ne soient pas rabattues sur une voie de circulation ou des zones habit\u00e9es, proc\u00e9der \u00e0 l&rsquo;extinction compl\u00e8te des braises avec de l&rsquo;eau \u00e0 la fin du chantier.<br \/>\nLe recouvrement de ces chantiers par de la terre ou tout autre mat\u00e9riau n&rsquo;est pas autoris\u00e9.<\/p>","protected":false},"excerpt":{"rendered":"<p>OLD: Obligation L\u00e9gales de D\u00e9broussaillement Un risque fort pour la commune et ses habitants mais deux actions de pr\u00e9vention : 1&#8211; Le d\u00e9broussaillement , un acte citoyen pour la protection de tous, des habitations, des sites et de nos paysages [&hellip;]<\/p>\n","protected":false},"author":2,"featured_media":0,"parent":0,"menu_order":0,"comment_status":"closed","ping_status":"closed","template":"","meta":{"_acf_changed":false,"footnotes":""},"class_list":["post-3288","page","type-page","status-publish","hentry"],"acf":[],"_links":{"self":[{"href":"https:\/\/www.oms.fr\/en\/wp-json\/wp\/v2\/pages\/3288","targetHints":{"allow":["GET"]}}],"collection":[{"href":"https:\/\/www.oms.fr\/en\/wp-json\/wp\/v2\/pages"}],"about":[{"href":"https:\/\/www.oms.fr\/en\/wp-json\/wp\/v2\/types\/page"}],"author":[{"embeddable":true,"href":"https:\/\/www.oms.fr\/en\/wp-json\/wp\/v2\/users\/2"}],"replies":[{"embeddable":true,"href":"https:\/\/www.oms.fr\/en\/wp-json\/wp\/v2\/comments?post=3288"}],"version-history":[{"count":4,"href":"https:\/\/www.oms.fr\/en\/wp-json\/wp\/v2\/pages\/3288\/revisions"}],"predecessor-version":[{"id":267535,"href":"https:\/\/www.oms.fr\/en\/wp-json\/wp\/v2\/pages\/3288\/revisions\/267535"}],"wp:attachment":[{"href":"https:\/\/www.oms.fr\/en\/wp-json\/wp\/v2\/media?parent=3288"}],"curies":[{"name":"wp","href":"https:\/\/api.w.org\/{rel}","templated":true}]}}

Risque incendie/Brulage des végétaux

<p>OLD: Obligation Légales de Débroussaillement</p>
<p><a href="https://oms.fr/wp-content/uploads/2024/02/DOC160224_rotated.pdf" target="_blank" rel="noopener"><img loading="lazy" decoding="async" class="alignnone wp-image-140451 size-medium" src="https://oms.fr/wp-content/uploads/2024/02/DOC160224_rotated_page-0001-300x212.jpg" alt="" width="300" height="212" srcset="https://www.oms.fr/wp-content/uploads/2024/02/DOC160224_rotated_page-0001-300x212.jpg 300w, https://www.oms.fr/wp-content/uploads/2024/02/DOC160224_rotated_page-0001-1024x724.jpg 1024w, https://www.oms.fr/wp-content/uploads/2024/02/DOC160224_rotated_page-0001-768x543.jpg 768w, https://www.oms.fr/wp-content/uploads/2024/02/DOC160224_rotated_page-0001-1536x1085.jpg 1536w, https://www.oms.fr/wp-content/uploads/2024/02/DOC160224_rotated_page-0001-1320x933.jpg 1320w, https://www.oms.fr/wp-content/uploads/2024/02/DOC160224_rotated_page-0001.jpg 1755w" sizes="auto, (max-width: 300px) 100vw, 300px" /></a></p>
<p>Un risque fort pour la commune et ses habitants mais deux actions de prévention :</p>
<p><strong>1</strong>&#8211; Le débroussaillement , un acte citoyen pour la protection de tous, des habitations, des sites et de nos paysages méditerranéens</p>
<p>voir les conditions sur le<strong> ►<a href="https://www.prevention-incendie66.com/" target="_blank" rel="noopener noreferrer">site prévention-incendie66.com</a></strong> et tout ce qu&rsquo;il faut savoir sur la prévention des incendies dans les Pyrénées orientales.</p>
<p><strong>2</strong>&#8211; La Réserve Intercommunal Sécurité Civile (RISC).  ►<strong><a href="https://www.oms.fr/en/risc/">Infos RISC</a></strong></p>
<p><a href="https://www.oms.fr/en/risc/"><strong>►Découvrir la réserve</strong></a></p>
<p>Du 1 juillet au 15 septembre  ►<strong><a href="https://www.prevention-incendie66.com/" target="_blank" rel="noopener noreferrer">le site prévention-incendie66.com</a></strong>  est à consulter obligatoirement pour connaitre le niveau de risque et les obligations qui incombent à tous. Oms se situe dans la Zone Aspres: <strong> En cas de risque exceptionnel, la circulation  est interdite à toute personne sur l&rsquo;ensemble des réseaux de pistes et de sentiers (véhicules moteur, à pied, à cheval ou à vélo)</strong></p>
<p><a href="https://oms.fr/wp-content/uploads/2020/06/panneau_circulation_massif-Aspres-2.pdf" target="_blank" rel="noopener noreferrer"><strong>►Zone-Risque- Circulation</strong></a></p>
<p><strong><a href="https://m.dfci-carto.fr/" target="_blank" rel="noopener noreferrer">►Carroyage DFCI</a></strong></p>
<ul>
<li><em><strong>BRÛLAGE DES VÉGÉTAUX       </strong></em></li>
<li><em><strong> </strong></em><em><strong><a href="https://autorisation-brulage.fr/fr/login" target="_blank" rel="noopener">Télédéclaration des brulages des végétaux</a></strong></em></li>
</ul>
<p><em><strong>Consignes de sécurité</strong></em></p>
<p>Respect des prescriptions de chantier suivantes :<br />
Mise à feu par temps calme, c&rsquo;est-à-dire, avec une vitesse maximale de vent en rafale de 40 km/h sur le site pour le brulage de végétaux coupés et de 20 km /h pour les végétaux sur pied.<br />
horaires : entre 11h et 15h30 durant les mois de décembre, janvier et février, et entre 10 h et 16h30, les autres mois de l’année, présence effective sur les lieux d&rsquo;au moins une personne munie d&rsquo;un téléphone;<br />
Dimensions du chantier : pour les végétaux coupés, les tas à brûler doivent être inférieurs à 20 m° et distants entre eux de plus de 50 m avec une surveillance continuelle d&rsquo;une personne au minimum par tas ;<br />
Aucun arbre ne doit surplomber le foyer qui doit être entouré d’une bande incombustible de 3 mètres de large (sol nu).<br />
Le terrain environnant doit être débroussaillé sur une largeur de 10 mètres autour de la parcelle à traiter, pour les végétaux sur pied, la surface à incinérer en une seule fois doit être inférieurs à 1 hectare. Le périmètre doit être protégé par une bande de sécurité débroussaillée d&rsquo;au moins 5 mètres. Une surveillance continuelle est obligatoire avec une personne présente,<br />
disposer à proximité d&rsquo;une réserve d&rsquo;eau suffisante et d&rsquo;un moyen de lutte adapté pour la mise en œuvre de l’eau d&rsquo;extinction, veiller à ce que les fumées ne soient pas rabattues sur une voie de circulation ou des zones habitées, procéder à l&rsquo;extinction complète des braises avec de l&rsquo;eau à la fin du chantier.<br />
Le recouvrement de ces chantiers par de la terre ou tout autre matériau n&rsquo;est pas autorisé.</p>

<p>OLD: Obligation Légales de Débroussaillement Un risque fort pour la commune et ses habitants mais deux actions de prévention : 1&#8211; Le débroussaillement , un acte citoyen pour la protection de tous, des habitations, des sites et de nos paysages [&hellip;]</p>
