{"id":3350,"date":"2020-05-11T15:09:46","date_gmt":"2020-05-11T13:09:46","guid":{"rendered":"https:\/\/oms.fr\/?page_id=3350"},"modified":"2026-04-24T11:07:04","modified_gmt":"2026-04-24T09:07:04","slug":"conseil-municipal","status":"publish","type":"page","link":"https:\/\/www.oms.fr\/en\/conseil-municipal\/","title":{"rendered":"Conseil municipal"},"content":{"rendered":"<p><span class=\"so-premium-web-font\" data-web-font-module=\"google\" data-font-info=\"{&quot;font&quot;:&quot;Cambay&quot;,&quot;webfont&quot;:true,&quot;category&quot;:&quot;sans-serif&quot;,&quot;variant&quot;:&quot;regular&quot;,&quot;module&quot;:&quot;google&quot;}\"><strong>CONSEIL MUNICIPAL<\/strong><\/span><\/p>\n<p><span class=\"so-premium-web-font\" data-web-font-module=\"google\" data-font-info=\"{&quot;font&quot;:&quot;Cambay&quot;,&quot;webfont&quot;:true,&quot;category&quot;:&quot;sans-serif&quot;,&quot;variant&quot;:&quot;regular&quot;,&quot;module&quot;:&quot;google&quot;}\">C\u00e9dric MOISSET (M. le Maire),\u00a0 Paul BAHADERIAN<\/span><span class=\"so-premium-web-font\" data-web-font-module=\"google\" data-font-info=\"{&quot;font&quot;:&quot;Cambay&quot;,&quot;webfont&quot;:true,&quot;category&quot;:&quot;sans-serif&quot;,&quot;variant&quot;:&quot;regular&quot;,&quot;module&quot;:&quot;google&quot;}\"> (1er adjoint)<\/span><span class=\"so-premium-web-font\" data-web-font-module=\"google\" data-font-info=\"{&quot;font&quot;:&quot;Cambay&quot;,&quot;webfont&quot;:true,&quot;category&quot;:&quot;sans-serif&quot;,&quot;variant&quot;:&quot;regular&quot;,&quot;module&quot;:&quot;google&quot;}\">, Anne PETITPAS ( 2\u00e8me Adjointe)<\/span><span class=\"so-premium-web-font\" data-web-font-module=\"google\" data-font-info=\"{&quot;font&quot;:&quot;Cambay&quot;,&quot;webfont&quot;:true,&quot;category&quot;:&quot;sans-serif&quot;,&quot;variant&quot;:&quot;regular&quot;,&quot;module&quot;:&quot;google&quot;}\"> , Olivier MERIEAU-HAZEMANN (3\u00e8me Adjoint) , Annie FAJAL<\/span><span class=\"so-premium-web-font\" data-web-font-module=\"google\" data-font-info=\"{&quot;font&quot;:&quot;Cambay&quot;,&quot;webfont&quot;:true,&quot;category&quot;:&quot;sans-serif&quot;,&quot;variant&quot;:&quot;regular&quot;,&quot;module&quot;:&quot;google&quot;}\">, Annabelle LEBLON, Baptiste CLARIMONT, Klaus SCH\u00c4FER, Phyllis HOOGEVEEN,\u00a0 Patrick GERICAULT, Patrick BAUDOIN.<\/span><\/p>\n<p>&nbsp;<\/p>\n<p><strong>Charte de l&rsquo;\u00e9lu municipal\u00a0\u00a0\u00a0 &#8211; l&rsquo;article L. 1111-1-1 du code g\u00e9n\u00e9ral des collectivit\u00e9s territoriales (CGCT).<\/strong><\/p>\n<p>1. L&rsquo;\u00e9lu local exerce ses fonctions avec impartialit\u00e9, diligence, dignit\u00e9, probit\u00e9 et int\u00e9grit\u00e9.<\/p>\n<p>2. Dans l&rsquo;exercice de son mandat, l&rsquo;\u00e9lu local poursuit le seul int\u00e9r\u00eat g\u00e9n\u00e9ral, \u00e0 l&rsquo;exclusion de tout int\u00e9r\u00eat qui lui soit personnel, directement ou indirectement, ou de tout autre int\u00e9r\u00eat particulier.<\/p>\n<p>3. L&rsquo;\u00e9lu local veille \u00e0 pr\u00e9venir ou \u00e0 faire cesser imm\u00e9diatement tout conflit d&rsquo;int\u00e9r\u00eats. Lorsque ses int\u00e9r\u00eats personnels sont en cause dans les affaires soumises \u00e0 l&rsquo;organe d\u00e9lib\u00e9rant dont il est membre, l&rsquo;\u00e9lu local s&rsquo;engage \u00e0 les faire conna\u00eetre avant le d\u00e9bat et le vote.<\/p>\n<p>4. L&rsquo;\u00e9lu local s&rsquo;engage \u00e0 ne pas utiliser les ressources et les moyens mis \u00e0 sa disposition pour l&rsquo;exercice de son mandat ou de ses fonctions \u00e0 d&rsquo;autres fins.<\/p>\n<p>5. Dans l&rsquo;exercice de ses fonctions, l&rsquo;\u00e9lu local s&rsquo;abstient de prendre des mesures lui accordant un avantage personnel ou professionnel futur apr\u00e8s la cessation de son mandat et de ses fonctions.<\/p>\n<p>6. L&rsquo;\u00e9lu local participe avec assiduit\u00e9 aux r\u00e9unions de l&rsquo;organe d\u00e9lib\u00e9rant et des instances au sein desquelles il a \u00e9t\u00e9 d\u00e9sign\u00e9.<\/p>\n<p>7. Issu du suffrage universel, l&rsquo;\u00e9lu local est et reste responsable de ses actes pour la dur\u00e9e de son mandat devant l&rsquo;ensemble des citoyens de la collectivit\u00e9 territoriale, \u00e0 qui il rend compte des actes et d\u00e9cisions pris dans le cadre de ses fonctions.<\/p>\n<p>&nbsp;<\/p>\n<p>&nbsp;<\/p>\n<p><span class=\"so-premium-web-font\" data-web-font-module=\"google\" data-font-info=\"{&quot;font&quot;:&quot;Cambay&quot;,&quot;webfont&quot;:true,&quot;category&quot;:&quot;sans-serif&quot;,&quot;variant&quot;:&quot;regular&quot;,&quot;module&quot;:&quot;google&quot;}\">\u00a0<\/span><\/p>","protected":false},"excerpt":{"rendered":"<p>CONSEIL MUNICIPAL C\u00e9dric MOISSET (M. le Maire),\u00a0 Paul BAHADERIAN (1er adjoint), Anne PETITPAS ( 2\u00e8me Adjointe) , Olivier MERIEAU-HAZEMANN (3\u00e8me Adjoint) , Annie FAJAL, Annabelle LEBLON, Baptiste CLARIMONT, Klaus SCH\u00c4FER, Phyllis HOOGEVEEN,\u00a0 Patrick GERICAULT, Patrick BAUDOIN. &nbsp; Charte de l&rsquo;\u00e9lu [&hellip;]<\/p>\n","protected":false},"author":2,"featured_media":0,"parent":0,"menu_order":0,"comment_status":"closed","ping_status":"closed","template":"","meta":{"_acf_changed":false,"footnotes":""},"class_list":["post-3350","page","type-page","status-publish","hentry"],"acf":[],"_links":{"self":[{"href":"https:\/\/www.oms.fr\/en\/wp-json\/wp\/v2\/pages\/3350","targetHints":{"allow":["GET"]}}],"collection":[{"href":"https:\/\/www.oms.fr\/en\/wp-json\/wp\/v2\/pages"}],"about":[{"href":"https:\/\/www.oms.fr\/en\/wp-json\/wp\/v2\/types\/page"}],"author":[{"embeddable":true,"href":"https:\/\/www.oms.fr\/en\/wp-json\/wp\/v2\/users\/2"}],"replies":[{"embeddable":true,"href":"https:\/\/www.oms.fr\/en\/wp-json\/wp\/v2\/comments?post=3350"}],"version-history":[{"count":8,"href":"https:\/\/www.oms.fr\/en\/wp-json\/wp\/v2\/pages\/3350\/revisions"}],"predecessor-version":[{"id":644450,"href":"https:\/\/www.oms.fr\/en\/wp-json\/wp\/v2\/pages\/3350\/revisions\/644450"}],"wp:attachment":[{"href":"https:\/\/www.oms.fr\/en\/wp-json\/wp\/v2\/media?parent=3350"}],"curies":[{"name":"wp","href":"https:\/\/api.w.org\/{rel}","templated":true}]}}

<p><span class="so-premium-web-font" data-web-font-module="google" data-font-info="{&quot;font&quot;:&quot;Cambay&quot;,&quot;webfont&quot;:true,&quot;category&quot;:&quot;sans-serif&quot;,&quot;variant&quot;:&quot;regular&quot;,&quot;module&quot;:&quot;google&quot;}"><strong>CONSEIL MUNICIPAL</strong></span></p>
<p><span class="so-premium-web-font" data-web-font-module="google" data-font-info="{&quot;font&quot;:&quot;Cambay&quot;,&quot;webfont&quot;:true,&quot;category&quot;:&quot;sans-serif&quot;,&quot;variant&quot;:&quot;regular&quot;,&quot;module&quot;:&quot;google&quot;}">Cédric MOISSET (M. le Maire),  Paul BAHADERIAN</span><span class="so-premium-web-font" data-web-font-module="google" data-font-info="{&quot;font&quot;:&quot;Cambay&quot;,&quot;webfont&quot;:true,&quot;category&quot;:&quot;sans-serif&quot;,&quot;variant&quot;:&quot;regular&quot;,&quot;module&quot;:&quot;google&quot;}"> (1er adjoint)</span><span class="so-premium-web-font" data-web-font-module="google" data-font-info="{&quot;font&quot;:&quot;Cambay&quot;,&quot;webfont&quot;:true,&quot;category&quot;:&quot;sans-serif&quot;,&quot;variant&quot;:&quot;regular&quot;,&quot;module&quot;:&quot;google&quot;}">, Anne PETITPAS ( 2ème Adjointe)</span><span class="so-premium-web-font" data-web-font-module="google" data-font-info="{&quot;font&quot;:&quot;Cambay&quot;,&quot;webfont&quot;:true,&quot;category&quot;:&quot;sans-serif&quot;,&quot;variant&quot;:&quot;regular&quot;,&quot;module&quot;:&quot;google&quot;}"> , Olivier MERIEAU-HAZEMANN (3ème Adjoint) , Annie FAJAL</span><span class="so-premium-web-font" data-web-font-module="google" data-font-info="{&quot;font&quot;:&quot;Cambay&quot;,&quot;webfont&quot;:true,&quot;category&quot;:&quot;sans-serif&quot;,&quot;variant&quot;:&quot;regular&quot;,&quot;module&quot;:&quot;google&quot;}">, Annabelle LEBLON, Baptiste CLARIMONT, Klaus SCHÄFER, Phyllis HOOGEVEEN,  Patrick GERICAULT, Patrick BAUDOIN.</span></p>
<p>&nbsp;</p>
<p><strong>Charte de l&rsquo;élu municipal    &#8211; l&rsquo;article L. 1111-1-1 du code général des collectivités territoriales (CGCT).</strong></p>
<p>1. L&rsquo;élu local exerce ses fonctions avec impartialité, diligence, dignité, probité et intégrité.</p>
<p>2. Dans l&rsquo;exercice de son mandat, l&rsquo;élu local poursuit le seul intérêt général, à l&rsquo;exclusion de tout intérêt qui lui soit personnel, directement ou indirectement, ou de tout autre intérêt particulier.</p>
<p>3. L&rsquo;élu local veille à prévenir ou à faire cesser immédiatement tout conflit d&rsquo;intérêts. Lorsque ses intérêts personnels sont en cause dans les affaires soumises à l&rsquo;organe délibérant dont il est membre, l&rsquo;élu local s&rsquo;engage à les faire connaître avant le débat et le vote.</p>
<p>4. L&rsquo;élu local s&rsquo;engage à ne pas utiliser les ressources et les moyens mis à sa disposition pour l&rsquo;exercice de son mandat ou de ses fonctions à d&rsquo;autres fins.</p>
<p>5. Dans l&rsquo;exercice de ses fonctions, l&rsquo;élu local s&rsquo;abstient de prendre des mesures lui accordant un avantage personnel ou professionnel futur après la cessation de son mandat et de ses fonctions.</p>
<p>6. L&rsquo;élu local participe avec assiduité aux réunions de l&rsquo;organe délibérant et des instances au sein desquelles il a été désigné.</p>
<p>7. Issu du suffrage universel, l&rsquo;élu local est et reste responsable de ses actes pour la durée de son mandat devant l&rsquo;ensemble des citoyens de la collectivité territoriale, à qui il rend compte des actes et décisions pris dans le cadre de ses fonctions.</p>
<p>&nbsp;</p>
<p>&nbsp;</p>
<p><span class="so-premium-web-font" data-web-font-module="google" data-font-info="{&quot;font&quot;:&quot;Cambay&quot;,&quot;webfont&quot;:true,&quot;category&quot;:&quot;sans-serif&quot;,&quot;variant&quot;:&quot;regular&quot;,&quot;module&quot;:&quot;google&quot;}"> </span></p>

<p>CONSEIL MUNICIPAL Cédric MOISSET (M. le Maire),  Paul BAHADERIAN (1er adjoint), Anne PETITPAS ( 2ème Adjointe) , Olivier MERIEAU-HAZEMANN (3ème Adjoint) , Annie FAJAL, Annabelle LEBLON, Baptiste CLARIMONT, Klaus SCHÄFER, Phyllis HOOGEVEEN,  Patrick GERICAULT, Patrick BAUDOIN. &nbsp; Charte de l&rsquo;élu [&hellip;]</p>
