{"id":3360,"date":"2020-05-11T15:36:08","date_gmt":"2020-05-11T13:36:08","guid":{"rendered":"https:\/\/oms.fr\/?page_id=3360"},"modified":"2021-11-23T09:32:58","modified_gmt":"2021-11-23T08:32:58","slug":"lhistoire-doms-2","status":"publish","type":"page","link":"https:\/\/www.oms.fr\/en\/lhistoire-doms-2\/","title":{"rendered":"L&rsquo;Histoire d&rsquo;Oms"},"content":{"rendered":"<div id=\"pl-3360\"  class=\"panel-layout\"><div id=\"pg-3360-0\"  class=\"panel-grid panel-no-style\"><div id=\"pgc-3360-0-0\"  class=\"panel-grid-cell\"><div id=\"panel-3360-0-0-0\" class=\"so-panel widget widget_sow-editor panel-first-child\" data-index=\"0\"><div\n\t\t\t\n\t\t\tclass=\"so-widget-sow-editor so-widget-sow-editor-base\">\n<div class=\"siteorigin-widget-tinymce textwidget\">\n\t<p style=\"text-align: left;\"><a href=\"https:\/\/www.geneanet.org\/nom-de-famille\/OMS\" target=\"_blank\" rel=\"noopener noreferrer\"><span style=\"text-decoration: underline;\">L\u2019origine du nom du village<\/span><\/a> vient d\u2019Ulmus, l\u2019orme, un arbre tr\u00e8s pr\u00e9sent dans la r\u00e9gion.\u00a0En <strong><u>899<\/u><\/strong>, le lieu est d\u00e9sign\u00e9 en tant que Villa Ulmis. Vers <strong><u>941<\/u><\/strong>, il prend le nom Locum Ulmos et en <strong><u>973<\/u><\/strong>, il se renomme Villa Hulmo.<\/p>\n<p>En <strong><u>1121<\/u><\/strong>, le nom se fixe \u00e0 \u201cUlmis\u201d (les Ormes). Il deviendra <strong>Oms<\/strong> en catalan, mais le nom des habitants gardera la premi\u00e8re appellation (les Ulmiennes \/ les Ulmiens).<\/p><\/div><\/div><\/div><\/div><\/div><\/div><p> <a href=\"https:\/\/www.oms.fr\/en\/lhistoire-doms-2\/#more-3360\" class=\"more-link\">Read More<\/a><\/p>","protected":false},"excerpt":{"rendered":"<p>L\u2019origine du nom du village vient d\u2019Ulmus, l\u2019orme, un arbre tr\u00e8s pr\u00e9sent dans la r\u00e9gion.\u00a0En 899, le lieu est d\u00e9sign\u00e9 en tant que Villa Ulmis. Vers 941, il prend le nom Locum Ulmos et en 973, il se renomme Villa [&hellip;]<\/p>\n","protected":false},"author":2,"featured_media":0,"parent":0,"menu_order":0,"comment_status":"closed","ping_status":"closed","template":"","meta":{"_acf_changed":false,"footnotes":""},"class_list":["post-3360","page","type-page","status-publish","hentry"],"acf":[],"_links":{"self":[{"href":"https:\/\/www.oms.fr\/en\/wp-json\/wp\/v2\/pages\/3360","targetHints":{"allow":["GET"]}}],"collection":[{"href":"https:\/\/www.oms.fr\/en\/wp-json\/wp\/v2\/pages"}],"about":[{"href":"https:\/\/www.oms.fr\/en\/wp-json\/wp\/v2\/types\/page"}],"author":[{"embeddable":true,"href":"https:\/\/www.oms.fr\/en\/wp-json\/wp\/v2\/users\/2"}],"replies":[{"embeddable":true,"href":"https:\/\/www.oms.fr\/en\/wp-json\/wp\/v2\/comments?post=3360"}],"version-history":[{"count":0,"href":"https:\/\/www.oms.fr\/en\/wp-json\/wp\/v2\/pages\/3360\/revisions"}],"wp:attachment":[{"href":"https:\/\/www.oms.fr\/en\/wp-json\/wp\/v2\/media?parent=3360"}],"curies":[{"name":"wp","href":"https:\/\/api.w.org\/{rel}","templated":true}]}}

<div id="pl-3360"  class="panel-layout"><div id="pg-3360-0"  class="panel-grid panel-no-style"><div id="pgc-3360-0-0"  class="panel-grid-cell"><div id="panel-3360-0-0-0" class="so-panel widget widget_sow-editor panel-first-child" data-index="0"><div
			
			class="so-widget-sow-editor so-widget-sow-editor-base">
<div class="siteorigin-widget-tinymce textwidget">
	<p style="text-align: left;"><a href="https://www.geneanet.org/nom-de-famille/OMS" target="_blank" rel="noopener noreferrer"><span style="text-decoration: underline;">L’origine du nom du village</span></a> vient d’Ulmus, l’orme, un arbre très présent dans la région. En <strong><u>899</u></strong>, le lieu est désigné en tant que Villa Ulmis. Vers <strong><u>941</u></strong>, il prend le nom Locum Ulmos et en <strong><u>973</u></strong>, il se renomme Villa Hulmo.</p>
<p>En <strong><u>1121</u></strong>, le nom se fixe à “Ulmis” (les Ormes). Il deviendra <strong>Oms</strong> en catalan, mais le nom des habitants gardera la première appellation (les Ulmiennes / les Ulmiens).</p></div></div></div></div></div></div><p> <a href="https://www.oms.fr/en/lhistoire-doms-2/#more-3360" class="more-link">Read More</a></p>

<p>L’origine du nom du village vient d’Ulmus, l’orme, un arbre très présent dans la région. En 899, le lieu est désigné en tant que Villa Ulmis. Vers 941, il prend le nom Locum Ulmos et en 973, il se renomme Villa [&hellip;]</p>
